 Suppose 0*w = w - 8. Let a = w - z. What are the prime factors of a?
2
Let t(p) be the first derivative of -p**4/4 + 11*p**3/3 - 4*p**2 + 7*p - 7. What are the prime factors of t(8)?
3, 5
Let i(y) = 10*y**2 - y - 10. List the prime factors of i(-3).
83
Suppose -4*p - 12*p = -4992. List the prime factors of p.
2, 3, 13
Suppose 3*f - 2*f = 6. Let b(s) = s**2 - 6*s + 3. Let l be b(f). Suppose 3*p = l*h - 24, -p + 5 - 1 = 3*h. List the prime factors of h.
3
Let x(k) = 19*k + 277. List the prime factors of x(27).
2, 5, 79
Let m(t) = 29*t + 2. Let j be m(2). Let k = -35 + j. List the prime factors of k.
5
Let k(p) = p - 5. Let n(i) = 5*i**3 - 2*i**2 + 1. Let o be n(1). Let l be k(o). Let v = 21 + l. What are the prime factors of v?
2, 5
Let o(q) = -2*q**3 - 4*q - 3. Let m be o(-2). Let z be ((-16)/(-16))/(2/6). Let s = m - z. What are the prime factors of s?
2, 3
Suppose -y - 9 = -2*b, -y - 13 = -0*b - b. Let u = 17 + y. Suppose 2*x + 3*x + 3*g - 117 = u, 0 = -2*x - 4*g + 58. List the prime factors of x.
3, 7
Let a = 46 - 13. Suppose -2*o = -3*i + o + 129, i + 4*o - a = 0. List the prime factors of i.
41
Suppose q = 2, -4*i + 4*q = 2*q - 20. Suppose 3*s - i*s + 15 = 0. Suppose -s*z = -4*z - 3. What are the prime factors of z?
3
Suppose g + 11 = r, 3*r - 10 = g + 19. List the prime factors of r.
3
What are the prime factors of (-3)/(-6)*(5171 - 21)?
5, 103
Let l = -122 - -128. Suppose -5*n - 120 = -l*n. List the prime factors of n.
2, 3, 5
Suppose -6*t = -4*v - 4*t + 8, -4*v = -t - 10. Suppose -v*k - 5*a + 2*a = -177, 170 = 3*k - 4*a. List the prime factors of k.
2, 29
Let j(x) = 4 + 5 - 11 - x + 3*x**2 - 1. Let m = 16 + -20. What are the prime factors of j(m)?
7
Let r = -40 + 46. List the prime factors of 94/2 - r/3.
3, 5
Let d(x) = 3*x**3 - 6*x**2 + 7*x + 6. List the prime factors of d(6).
2, 3, 5
Let p = -86 - -102. Suppose -p*q + 2058 = -2*q. What are the prime factors of q?
3, 7
Suppose 343 = 5*t + u, -5*t + u = -u - 334. What are the prime factors of t?
2, 17
What are the prime factors of 6024/(-30)*1/(2/(-5))?
2, 251
Suppose -3*m - 2*t + 5685 - 504 = 0, 3*t = -m + 1734. List the prime factors of m.
3, 5, 23
Let m(z) = 48*z - 249. What are the prime factors of m(12)?
3, 109
Suppose 0 = -v + 2*v - 2*l - 9, 4 = 2*l. Suppose -3*h = -35 - v. List the prime factors of h.
2
Let g(t) = 3*t + 13 - 2*t + 0*t. Let r be g(9). What are the prime factors of (-3)/((-5 + 3)/r)?
3, 11
Let x(o) = -5 - 2 - 47*o + 5*o + 4. List the prime factors of x(-1).
3, 13
Suppose -8*a + 928 + 16 = 0. What are the prime factors of a?
2, 59
Let w = 1 + 3. Suppose 0 = 5*n - w*n. Suppose 5*l - 35 = -n*l. List the prime factors of l.
7
Suppose -m - 249 = -4*m. Suppose 3*x + s + m = 6*s, x + 3*s + 23 = 0. Let u = x - -36. List the prime factors of u.
2, 5
Let u = -13 + 18. Suppose -220 = -4*y - u*n, -2*n - 320 = -5*y + 3*n. Suppose -3*c + 15 = -y. List the prime factors of c.
5
Suppose -2*v = 5*u + 190, u + 46 = -0*u - 2*v. Let r = u + 109. List the prime factors of r.
73
Let n(c) = 2*c**3 + 2*c**2 + 13*c + 3. Let u be n(4). Suppose -5*b = -715 - u. List the prime factors of b.
2, 3, 31
Suppose h + 2*b + 12 = 0, -h = -0*h + 5*b + 27. Let y be h/(-8)*(0 - -8). List the prime factors of ((-112)/(-20))/(y/5).
2, 7
Suppose 34*c = 109*c - 190800. List the prime factors of c.
2, 3, 53
Suppose 2*r + 383 = 3*r. What are the prime factors of r?
383
Suppose 28*q - 24216 = 10056. What are the prime factors of q?
2, 3, 17
Let t(v) = -9*v**2 + 10*v + 6. Let l be t(5). Let c be 2/13 + (-3692)/l. Suppose -2*s = -2*h + c, 2*s - 1 - 1 = 0. List the prime factors of h.
2, 3
Let d be (-517)/(-5) + (-39)/(-65). Let b = 146 - d. What are the prime factors of b?
2, 3, 7
Let k(v) = -v**3 + 6*v**2 + 3*v - 10. Let h(u) = u - 1. Let o(d) = -3*h(d) + k(d). Let m be o(5). Suppose -m = -2*n - 6. What are the prime factors of n?
2, 3
Let n be 109*((-1 - -2) + 0). Suppose 5*t + 191 + n = 0. What are the prime factors of (-1)/(-6) + (-710)/t?
2, 3
Suppose -4*f = 4*g - 9*g + 55, g + 76 = -5*f. Let s be (-4)/(-6) - (-70)/f. Let u = 2 - s. What are the prime factors of u?
2, 3
Let f(q) = 5*q**2 + 4*q - 4. Let z(t) = t**2 + 10*t + 26. Let s be z(-5). List the prime factors of f(s).
5
Let d(m) = m**3 + 19*m**2 - 11*m + 26. Let z be d(-20). Let q = -91 - z. What are the prime factors of q?
3, 7
Let t(x) = 2*x - 8. Let i = -3 - -18. Let v = i - 10. What are the prime factors of t(v)?
2
Let i = 12 + -4. What are the prime factors of (0 + -2)*(-38 - i)?
2, 23
Let h(a) = -242*a - 5. Let x be h(1). Let m = x + 499. List the prime factors of m.
2, 3, 7
What are the prime factors of (-1 - (-38601)/27) + (-4)/6?
2, 3, 7, 17
Let k(c) be the second derivative of -c**4/12 + c**3/6 + 3*c**2 + 2*c. Let j be k(-5). Let g = j - -42. List the prime factors of g.
2, 3
Let z be (-7)/2*(-36)/3. Suppose -n + 79 = -4*b, 4*n + 4*b - 256 - 100 = 0. Let r = n - z. What are the prime factors of r?
3, 5
Suppose -10*v + 17*v - 1246 = 0. Let b = v - 70. What are the prime factors of b?
2, 3
Let g = 16 - 19. Let i be (1 + 2 + g)*-1. Suppose i - 15 = -d. What are the prime factors of d?
3, 5
Suppose 14 = c + 5. Let g = 399 - 398. What are the prime factors of ((-15)/c)/(g/(-9))?
3, 5
Suppose 2*y + 5 = 11. Suppose y*g - 3*p - 9 = -0, g = -4*p + 8. Suppose -4*c - 2*t + 0 = -94, -4*c + 100 = -g*t. What are the prime factors of c?
2, 3
Let h(k) = -k**3 - 7*k**2. Let a be h(-7). Let j(r) = 1 + 6*r - 10*r**2 + 6*r + r**3 + a*r**3 - r. List the prime factors of j(9).
19
Let d(i) = -2*i**3 - 14*i**2 - 3*i + 37. List the prime factors of d(-11).
2, 3, 173
Let b(g) = -g**3 + 6*g**2 - 3*g - 8. Let a be b(5). Suppose 2*o = -a*o + 96. What are the prime factors of o?
2, 3
Let r(l) = 6*l - 16. Let s be r(-9). Let p be 2/(-10) - 854/s. Let i = p + -9. What are the prime factors of i?
3
Suppose -3*n + 4*s - 162 = 0, -2*n + n - 5*s = 35. Let w be (-12)/(-5) + 20/n. Suppose 2*u = -w*u + 92. What are the prime factors of u?
23
Let c(s) = 6 - 6*s + 2*s + 9 + 5*s. Let o be c(-7). Suppose -o*g = -6*g - 70. List the prime factors of g.
5, 7
Let z(g) = 6*g + 6 - 2 + 11. Let m(a) = 3*a + 7. Let p(t) = -9*m(t) + 4*z(t). List the prime factors of p(-4).
3
Let j be (-364)/42*(-6)/2. Let i = 2 - -1. Let z = j - i. List the prime factors of z.
23
List the prime factors of 14 - -343 - (-1 - -2).
2, 89
Let x(s) = -210*s + 898. List the prime factors of x(-14).
2, 19, 101
Let o(q) = q**2 - 14*q + 22. Let u be o(10). Let v = u - -20. Suppose -5*y = -v*y - 216. What are the prime factors of y?
2, 3
Let v = -47 + 626. List the prime factors of v.
3, 193
Let z be 2/(-1) + 17 + -5. Let s(c) = -2*c + 13. Let n be s(z). List the prime factors of (105/(-2))/n*4.
2, 3, 5
Suppose -4*c = a - 563, 2*a + c = 365 + 761. What are the prime factors of a?
563
Suppose -i + 3 = 23. List the prime factors of (-808)/i - (-4)/(-10).
2, 5
Let q(k) = -k**3 + k + 35. Let x(f) = f**2 - 11*f. Let w be x(11). Let y be q(w). Suppose 0 = t - 6*t + y. What are the prime factors of t?
7
Let f be 36/(-8)*(-6)/3. Let g = 10 + f. List the prime factors of g.
19
Let f = 330 - 204. Let b = f - 58. What are the prime factors of b?
2, 17
Let y(w) = -w**2 - 6*w + 9. Let n be y(-6). Let x(d) = d**3 - 6*d**2 - 4*d - 2. What are the prime factors of x(n)?
5, 41
Let u(z) = 6*z**2 + 11*z - 3. List the prime factors of u(7).
2, 23
Let z(t) be the second derivative of t**3/6 - t**2 + 2*t. Let r be z(5). Suppose -v + l + 21 = -r*l, -2*v + 18 = -2*l. List the prime factors of v.
5
Suppose -7425 - 26475 = -20*m. What are the prime factors of m?
3, 5, 113
Let m = -5 - -14. Let q(f) = 8*f**2 - 3*f + 3. Let i be q(2). Let t = i - m. List the prime factors of t.
2, 5
Let i = 2 + -5. Let b(k) = 46*k - 46. Let a(l) = -9*l + 9. Let q(w) = i*b(w) - 16*a(w). What are the prime factors of q(4)?
2, 3
Let n(a) = 242*a**3 + 19*a**2 + 2*a - 5. List the prime factors of n(2).
2011
Let p(w) = -80*w**3 + 2*w**2 - 1. Let u be p(-1). Suppose q + 2 = u. What are the prime factors of q?
79
Let z = 8 - -20. Suppose -a + 5*a - z = 0. What are the prime factors of (-49)/(-2) - a/14?
2, 3
Suppose 0 = 4*u - 3*u - 92. Let m = 175 - u. List the prime factors of m.
83
Let n be 1/(-20)*-10*32. Let k(f) = -f**3 + 6*f**2 - 6*f + 6. Let q be k(4). Let v 